 (-7)/(-4) + (27/12 - 2). Let z be l(h). Suppose -z + 16 = -y. Is y composite?
False
Let h be ((-197)/3 - 1)*273/(-14). Suppose 117 = -3*l + 933. Suppose -z = 3*t - l, 5*z - 5*t - h = -0*z. Is z prime?
True
Let x = -25462 + 12923. Let r = 26350 + x. Is r composite?
True
Let x = -371014 + 653973. Is x prime?
True
Let r = 73 - 68. Suppose -r*y + 251 = -24. Is y composite?
True
Let l(t) = -16 + 9505*t - 18920*t + 9450*t. Suppose v - 1 = 5. Is l(v) prime?
False
Suppose -28 = -9*o + 2*o. Suppose -16082 = -o*v + 20874. Is v composite?
False
Suppose -4 - 1 = -y. Suppose 0 = 5*k - 4*k - y. Is (k/(10/4))/((-2)/(-1261)) composite?
True
Let g be -3*(102/9 + 0 + 0). Is g + 31 - (-9237 + -1) a composite number?
True
Suppose 3236*z = 3241*z - 1718195. Is z prime?
True
Let t = 46 + -61. Let d = t + 21. Let u(j) = -j**3 + 12*j**2 - 5*j + 1. Is u(d) prime?
False
Let a(w) = w**2 - 9*w + 13. Let j be a(6). Let n(g) = -2*g**3 - 4*g**2 + g + 4. Is n(j) composite?
False
Let k(x) = x**3 + 11*x**2 + 10*x - 9. Let f be k(-9). Suppose 4*d + 207 = 5*y + 6*d, 0 = -y + 5*d + f. Let g = 132 - y. Is g composite?
False
Suppose 3*h + 17739 = 2*j, 2*h - 6*h = -4*j + 35488. Let b = j - 5060. Is b prime?
False
Let s(k) = -3*k**3 - 35*k**2 + 10*k - 29. Is s(-31) a prime number?
True
Suppose 0*f = f + 3, -5*s = 4*f - 68. Suppose -7 + s = 3*r, 8492 = l - 3*r. Is l a prime number?
True
Let s be ((-33687)/6)/((-2)/4). Suppose 20*o - s = 31111. Is o composite?
True
Let h = -17 - -10. Let q(a) = -18*a - 19. Let w(p) = 16*p + 19. Let c(j) = -3*q(j) - 4*w(j). Is c(h) composite?
True
Let m(b) be the second derivative of -b**2 + 1/6*b**3 + 3/20*b**5 + 0 - 1/12*b**4 + 8*b. Is m(5) a prime number?
True
Let s(j) = 6974*j - 6185. Is s(81) a prime number?
False
Suppose -4*g = -5*r + 45, 5*r - 2*r = -5*g - 10. Let s be (-238)/(-35) + -5 - 1/g. Suppose s*u + 3*w = 2302, -5870 + 115 = -5*u - w. Is u a prime number?
True
Is 67358/5*(-435)/(-174) prime?
True
Let d be 12*((-40)/(-5))/24. Suppose 2*j = f + 45083, -j - 2*f + 22543 = -d*f. Is j prime?
True
Let r(s) = 0*s + 2 - 3 - 1 + 2708*s**2 - s. Suppose 4*m - 3 + 15 = -2*f, 0 = 4*m + 4*f + 20. Is r(m) a prime number?
True
Let a(i) = -3*i**2 - 19*i - 4. Let k be a(-6). Let n be (-2)/(k/(-757)) - 38/(-19). Suppose -9*w + n = -6*w. Is w a composite number?
True
Let u(z) = -1755*z + 28. Is u(-13) a composite number?
True
Let j = 598 - -508. Suppose -13*d + 11*d = -j. Is d a prime number?
False
Let m = -2506 + 7995. Is m a composite number?
True
Suppose 4*h = -2*n - 12, 2*h = 5*n - 3*h - 45. Suppose -3*g + 16 - 4 = 0, n = 4*s - 3*g. Suppose 588 = s*r - 56. Is r a prime number?
False
Suppose 958 = 2*g - 2*o, -2076 = -4*g - 5*o - 187. Let b = g - -2207. Is b prime?
True
Suppose 0 = -3*q + z + 244836, -81599 = -q + 421*z - 425*z. Is q prime?
True
Suppose -g + 2 = -15. Suppose g*v = 22*v - 10. Suppose v*y - 74 = 2*t, -3*t = 4*y - 8*t - 148. Is y a prime number?
True
Suppose 27 + 6 = 3*y. Let q(p) = -3*p + 35. Let v be q(y). Suppose 5*m - v*m + 2*r - 1245 = 0, -5*m + 2062 = -r. Is m a composite number?
True
Let n(b) = -b**2 - 7*b - 4. Let v be n(-6). Suppose t = 3*h - 434, 0 = -0*t + v*t - 4*h + 864. Let k = t - -1131. Is k a prime number?
False
Let c be -3*(-17*6/18 + 7). Let i(z) = 20*z**3 + 6*z. Let j(q) = -21*q**3 - 7*q + 1. Let f(h) = -4*i(h) - 3*j(h). Is f(c) prime?
True
Suppose 374*w - 357*w - 2006561 = 0. Is w a prime number?
True
Let q(y) = 21*y + 34. Let o(c) = -22*c - 33. Let v(k) = -3*o(k) - 2*q(k). Let l be v(9). Let w = 274 + l. Is w composite?
False
Is 2/(-2 + 3 - 4) - 191010966/(-4086) a composite number?
False
Let j be (-1)/3*1 + 21/9. Let u be -2 - (-1 - j - 3). Suppose 4*i = x + 2025 + 186, 3*i + u*x = 1663. Is i a composite number?
True
Let t = 329 - -4358. Is t a prime number?
False
Let t be ((-3)/5)/(5/25*-1). Let h(w) = 856*w + 16. Let c be h(t). Let q = c + -1371. Is q prime?
True
Suppose 1301*o - 38069379 = 1274*o. Is o composite?
False
Suppose -6*r + 10*r = 31544. Let d = 177 - r. Let l = 14860 + d. Is l prime?
True
Let u(v) = -143*v - 98. Is u(-3) a composite number?
False
Suppose 2*t - 376635 = -3*w, 0 = 54*t - 52*t + 12. Is w composite?
True
Let d be 7/(-3)*-1 + (-27)/81. Suppose g + 2*g = -4*y + 6839, -d*g = -2. Is y prime?
True
Suppose -4190 = -3*d - d + u, 5*d - 3*u = 5234. Let q = d + 753. Is q a prime number?
True
Is ((9799665/20)/(21/(-14)))/((-1)/2) prime?
True
Let n(g) = 29*g**2 + 0*g**2 - 1 - 7*g + g**2 + 5. Let b = -5 + 8. Is n(b) composite?
True
Is (-901314540)/(-2700) - 22/10 composite?
True
Let q = 16927 + 18177. Let z = -16301 + q. Is z a prime number?
True
Let g(k) = 14*k**3 + 46*k**2 + 291*k - 77. Is g(42) prime?
False
Let i = -50 - -5. Let q = -40 - i. Suppose -4653 = -3*v + 2*x, 10*x = -2*v + q*x + 3121. Is v composite?
False
Let x = 3 + -1. Suppose -2*b + 2*y - 2768 = -4*b, 4*b + x*y = 5530. Is b composite?
False
Let q(p) = -1056*p**2 + 10*p - 9. Let y be q(3). Is 1 + (-12)/16 - y/4 a prime number?
True
Is (-7 + 9)*-4 - (-7289 + -2) prime?
True
Let b = 3673 - 6374. Let p = 3782 + b. Is p a prime number?
False
Suppose -4*g + 5*o = -1856813, -3*o + 2320970 = 20*g - 15*g. Is g a composite number?
False
Suppose -4*v + 116679 = 3*h - 221370, 5*v = -3*h + 338046. Is h prime?
True
Suppose 5*j = -0*m + 2*m - 23, -9 = -3*j. Suppose m = 6*v + 7. Suppose -v*b - 895 = -7673. Is b a composite number?
False
Let k(c) = 26*c**2 - 115*c - 380. Is k(-37) prime?
False
Let w(y) = 176251*y**2 + 3*y - 3. Is w(1) a composite number?
True
Suppose 0 = 2*l + z - 300828 + 88430, 0 = 2*l - 5*z - 212398. Is l a composite number?
True
Let s(c) = 8 - 120*c - 7 - 15*c. Let d be s(-13). Suppose -4*m - d = -9648. Is m a prime number?
True
Let q(i) = -i**3 + 3*i**2 + 2*i. Let d be q(-1). Suppose d*u = -2120 - 606. Is (-1)/(-1 + 2) - 1 - u a composite number?
False
Let a be 3*(-16)/12 + 2. Let k be (-88)/(-6) + a/3. Is (-2)/k - (-2388)/7 composite?
True
Suppose 255*m = 353*m - 6790126. Is m a prime number?
False
Suppose 3*c = -2*m + 6335, -2*m + 175*c + 6317 = 172*c. Is m a composite number?
False
Let q(d) = d**3 + 15*d**2 - 14*d + 13. Let w be q(-15). Suppose w + 253 = 4*i. Is i a composite number?
True
Let j(p) = 3*p**3 + 20*p**2 + 74*p + 25. Is j(16) a composite number?
False
Suppose 3*n - 7*n - 3*x = 23066, -6 = 3*x. Let m = -3432 - n. Is m a prime number?
True
Let r(d) = -20527*d + 4612. Is r(-7) a composite number?
False
Let r = 488553 + -339609. Suppose -14*a + r = -180812. Is a composite?
True
Suppose 762*c - 2483694 = 744*c. Is c composite?
False
Let k be 4/14 + 40/7. Let m be ((-500)/k)/((-4)/48). Suppose -801 = -w + m. Is w composite?
False
Let m = 1839 - -512. Is m a composite number?
False
Suppose -2843582 + 11371777 = 65*s. Is s a composite number?
False
Let x = -477 + -2589. Let n = -1066 - x. Suppose 5*b + 115 = n. Is b prime?
False
Let y(s) = 14*s**3 - 5*s**2 + s. Let v(u) = -3*u**2 + 11*u + 22. Let r be v(5). Is y(r) a composite number?
True
Suppose -49*w = -44*w - 2370. Let s = w + -120. Suppose 3*g - s - 825 = 0. Is g a composite number?
True
Is (62/(-341) - 250/(-44))/((-1)/(-3314)) composite?
True
Is 2/(-4)*2*(-369789 + 250) a prime number?
True
Is ((-2)/1)/((-60268035)/(-4636005) + -12 - 1) prime?
False
Let m = 491 + -489. Is (-27 + 10034)*m/2 a prime number?
True
Let c = 98225 - 69904. Is c a prime number?
False
Suppose 46*n = 8367411 + 13575095. Is n a composite number?
False
Let o(b) = 2*b**2 + 24*b - 27. Is o(19) composite?
False
Let k(r) = 525*r**3 - 4*r**2 + 3*r + 4. Let i be k(2). Suppose 2*l + 2*y = i, 5*l + 10*y - 10493 = 9*y. Is l a composite number?
False
Let o(w) = -7*w**3 - w**2 - w. Let z be o(-1). Suppose -z*f + 9*f - 4 = 0. Suppose -4*h - 2522 = -f*b, 628 + 3164 = 3*b - 3*h. Is b a composite number?
True
Let u be 6 - -6*10/(-15). Suppose 10 = -58*l + 63*l. Suppose -u*d + 276 = 4*s, 158 = 4*s - l*s - 4*d. Is s a composite number?
False
Let m(h) = 5*h**2 + 8*h + 6. Let v be m(-1). Suppose 0 = 2*w - 4*i - i - 29554, -v*w + 44305 = -i. Is w a prime number?
True
Let p be 20321/14*-14*4/(-14). Suppose -5*r + 3*g + 28207 = 0, -g - p = -r - 163. Is r a prime number?
True
Let w = 87 - 85. Suppose -1891 - 3063 = -w*p. Is p prime?
True
Let d(k) = 2*k**3 - 7*k**2 + 8*k - 7. Let u be d(3). Let y(a) = 165*a + 25. Is y